b be q(l). Suppose -2*k - k + 45 = 0. Calculate the highest common divisor of b and k.
3
Let k(t) = 5*t + 40. Let a be k(-7). Suppose -j + 4*j - 72 = -3*z, 5*z - j - 126 = 0. What is the greatest common divisor of z and a?
5
Let w be (-58)/(-145) - (-418)/5. Calculate the greatest common factor of 56 and w.
28
Let c be ((-8)/(-20))/(1/10). Suppose -3*s - v + 0*v = -18, c*s + 5*v = 35. Calculate the greatest common divisor of s and 45.
5
Let q = -538 + 790. Suppose 0 = 2*a + a - q. Calculate the highest common divisor of 12 and a.
12
Let g be (-3)/(-6)*(-8)/(-4) + 2. What is the greatest common divisor of 27 and g?
3
Let w be (-5)/(4/(2*-6)). Suppose 3 + 4 = i. Let n be (-2)/i + (-220)/(-35). What is the highest common factor of w and n?
3
Let x = -4 + 6. Suppose 5*j + 3*v - 45 = x*v, 15 = -3*v. Suppose 0 = -3*l - 3*f + 60, -3*f = -8*f. What is the greatest common divisor of l and j?
10
Let l(v) = -v**2 + 13*v + 14. Let d be l(11). Suppose -5*t = -4*s + 60, 0 = -2*s + 3*t - 4 + d. What is the greatest common factor of 20 and s?
10
Let r = 111 + -46. Let j = 33 - 20. Calculate the highest common factor of j and r.
13
Suppose -4*m = 4*w - 96, -3*w - m = -3*m - 62. What is the highest common divisor of w and 55?
11
Let d be (1 - 0)/1 - -1. Let i = 3 - d. Calculate the highest common divisor of 3 and i.
1
Suppose 0*f - 4*f = -84. Suppose -13 + 5 = -2*j. Let g be (14/j)/(3/6). Calculate the greatest common divisor of g and f.
7
Let x(u) = 2*u**2 - 27*u + 11. Let f be x(15). Calculate the highest common factor of f and 7.
7
Let b = 164 - 147. Let d(c) = 51*c. Let a be d(1). Calculate the highest common divisor of b and a.
17
Let p = -2 - -5. Suppose 0 = -2*v - p*t + 7*t - 58, 2*v + 52 = t. Let b = v + 41. What is the greatest common divisor of b and 4?
4
Let m be 10/3*12/5. What is the highest common divisor of m and 16?
8
Let u(z) = -z**3 - 5*z**2 + 8*z - 5. Let g be u(-6). Let m = -13 - g. What is the highest common divisor of 16 and m?
4
Suppose -3*j + 5*u + 152 = 0, 2*j - 124 = u - 25. Calculate the greatest common divisor of j and 539.
49
Let m = 160 + -82. Suppose 6 = -3*v + m. Let u = -149 - -209. Calculate the greatest common divisor of u and v.
12
Suppose -28 = -n - 4*b, -3*b - 2*b + 32 = n. Let s be -1*(-1 - 0) - -2. Calculate the highest common factor of s and n.
3
Let u be (3/(-2))/(15/(-40)). Suppose 5*c = 23 + 157. Calculate the highest common divisor of c and u.
4
Let l = 65 + -30. Suppose -n = 3*n + 12, 3*o - 18 = n. Calculate the greatest common factor of l and o.
5
Suppose 0*s - s = -13. Let c = -5 + s. Calculate the highest common divisor of 16 and c.
8
Let s = -61 + 121. What is the greatest common divisor of 30 and s?
30
Suppose -13*d + 15*d = 28. Suppose 19 = 2*n - 3*c, -12 = -4*n + c + 41. What is the greatest common factor of n and d?
14
Suppose x = -x. Suppose -4*n = -p - 304, 4*n + 0*n + 2*p - 292 = x. Let i = 19 + -4. What is the highest common factor of n and i?
15
Let s be ((-3)/(-2))/(3/40). Let b(p) = 8*p**2 + 2*p + 2. Let u be b(-2). What is the greatest common divisor of u and s?
10
Let f be (-3)/2*(-40)/6. Let g be (-93)/(-7) + f/(-35). What is the highest common factor of g and 65?
13
Let t be (-2 - -1)/(1/(-4)). Let b(r) = -r**3 - 2*r**2 - 3*r - 4. Let x be 30/(-18) - (-2)/(-6). Let i be b(x). Calculate the greatest common factor of t and i.
2
Let r be (-8)/6*(-16 - -4). Suppose 2*z + 2 = x, 3*x - 3*z = 5 + 10. What is the greatest common factor of x and r?
8
Let x be (-3)/(-2 + (-1)/(-2)) + 53. Let j = -34 - -56. Calculate the greatest common factor of j and x.
11
Let m = 295 + -202. Suppose 0 = -5*w + 318 - m. What is the highest common divisor of 5 and w?
5
Let r(l) be the second derivative of -l**3/3 + 4*l**2 + 7*l. Let n be r(-4). Calculate the highest common divisor of n and 112.
16
Suppose 2*b - 3*h = 49 + 40, -114 = -3*b - 2*h. Let m(t) = 9*t + 2. Let a be m(2). What is the greatest common factor of b and a?
20
Suppose 4*r + 16 = 0, -68 + 6 = -3*a + 5*r. Let x(z) = -z**2 + 4*z + 5*z**2 + 0*z**2 + 4*z**2. Let n be x(-4). Calculate the highest common factor of n and a.
14
Let g(z) = 7*z. Let n be g(1). Calculate the greatest common factor of 28 and n.
7
Let t(h) = h**2 + h - 3. Suppose -4*q + 1 + 15 = 0. Let r be t(q). Calculate the greatest common divisor of 153 and r.
17
Suppose 2*v = 5*o - 34, -2*v = -o + 3*o - 8. Calculate the highest common factor of 12 and o.
6
Let r(k) = -k. Let z be r(2). Let m be ((-9)/z)/((-6)/(-8)). Let n be m/(-4)*(2 + -4). What is the greatest common divisor of n and 1?
1
Let a be (3 - (-60)/(-28))*56. What is the greatest common divisor of a and 6?
6
Suppose 0 = -5*z + z. Let q = z + 21. Let o = 26 + -23. What is the greatest common divisor of q and o?
3
Let t(f) = f**3 - 4*f**2 + 2*f - 3. Suppose 0 = -2*v - w + 5*w - 12, 15 = 3*w. Let q be t(v). Let d = 11 - 6. Calculate the highest common divisor of d and q.
5
Suppose 4*x + 15*s = 10*s + 59, -5*x - 3*s + 64 = 0. What is the greatest common divisor of 44 and x?
11
Let i = 7 - 5. Let y(j) = 2*j**2 + 7*j + 5. Let s be y(-4). Let k be (-4)/(-18) - (-196)/s. What is the highest common factor of i and k?
2
Let p be -5 + 0 + (-106)/(-2). What is the highest common factor of p and 64?
16
Let s be 6*-39*(-4)/36. What is the greatest common divisor of 13 and s?
13
Let m be 13/(-4) + 3/12 - -11. Calculate the greatest common factor of m and 104.
8
Let d be 176/40 + 6/(-15). Suppose -l = -4*m + 82, -4*m + l + l + 84 = 0. Calculate the highest common divisor of d and m.
4
Suppose 703 = 5*n - 17. Calculate the greatest common divisor of 16 and n.
16
Let p(s) = 7*s + 1. Let d be p(-1). Let c be d/39 + (-942)/(-39). Suppose 2*f = -f + c. Calculate the greatest common divisor of f and 48.
8
Let g be 3/(6/4) - -1. Let n(c) = c**2 + 4*c + 2. Let k be n(-3). Let z = k - -3. What is the highest common factor of z and g?
1
Let i = -17 - -22. Let m be 10*4 + 2 - 2. Calculate the greatest common divisor of m and i.
5
Suppose -4*v + w = -27, 5*v + 2*w - w = 36. Let c be 0 + 6/3 - -2. Suppose c*f - 41 = -13. Calculate the greatest common factor of f and v.
7
Let k be 6/2 + 0 + -1. Suppose -k*h = -4*h + 34. Calculate the highest common divisor of h and 51.
17
Suppose 0 = i - u + 2, 2*u - 6*u = 2*i + 34. Let q be 24*(i/(-4) + -1). Let h be -2*(1 + 0) - -164. Calculate the highest common divisor of q and h.
18
Suppose 5*i = -6 + 51. Suppose -4*a + 6 + 18 = 0. What is the highest common factor of a and i?
3
Let g = -6 - -18. Suppose 148 + 44 = 2*w. Calculate the highest common factor of g and w.
12
Let h(w) = -8*w**3. Let k be h(1). Let y = k - -14. What is the highest common divisor of 42 and y?
6
Let r(c) = -4*c**2 + 7 + 15*c**3 - 30*c**3 + 14*c**3 + 2*c. Let u(j) = -6*j + 1. Let b be u(1). Let i be r(b). What is the highest common divisor of i and 11?
11
Suppose -2*u + 117 + 13 = 0. Suppose 3*b = -5*t + 54, 2*t = -2*t + 12. What is the greatest common divisor of u and b?
13
Let t be (-2 - -3)/((-2)/(-182)). Let z be (-2)/(-6)*-2*(-78)/4. What is the greatest common divisor of t and z?
13
Let h(r) = -r**3 - 5*r**2 - 5. Let c be h(-5). Let l(s) = s**2 + 5 - 7*s + 12*s + 0*s**2. Let b be l(c). What is the highest common factor of b and 5?
5
Suppose -6*q = -15 - 9. Calculate the highest common divisor of q and 8.
4
Suppose -3*u + 14 = -4*u. Suppose 4*o - 41 = -253. Let d = u - o. What is the highest common factor of d and 13?
13
Let f = 60 - 15. Suppose -2*l + 8 = x - 3*x, -5 = -x. What is the highest common divisor of l and f?
9
Let n be 8/(-28) - (-48)/21. Calculate the highest common factor of 1 and n.
1
Suppose -11*f + 14*f = 351. Calculate the highest common divisor of 9 and f.
9
Let a be 1/2*(-11)/((-11)/6). What is the greatest common factor of a and 3?
3
Let v = -231 + 343. Calculate the highest common divisor of v and 14.
14
Let k be -2 + 35 - (-5 - -2). What is the greatest common divisor of 18 and k?
18
Let y(p) = 6*p + 2. Let q(m) = -m + 6. Let h be q(4). Let v be y(h). Calculate the greatest common factor of 98 and v.
14
Let u = -20 - -30. Let d be 264/u + (-6)/(-10). Calculate the greatest common factor of d and 18.
9
Suppose 0*b + b - 13 = 0. What is the highest common factor of b and 91?
13
Suppose -160 = 5*j - 2*d + 3*d, 4*j = 4*d - 15